163 = 0. Is (-4 - i) + (-12)/3 a composite number?
True
Suppose -5*d = -1440 - 475. Let m = d + -118. Is m a prime number?
False
Let i(v) = v**3 + 3*v**2 + 10*v. Let s be i(12). Suppose 4*j + 6*k = k + 4530, -5*k = -2*j + s. Is j a composite number?
True
Suppose s - 4*s + 4158 = -3*u, -3*u = -2*s + 2777. Let m = -858 + s. Is m a composite number?
False
Suppose -3*j - 6*t + 10947 = 0, -14 + 6 = -2*t. Is j composite?
True
Suppose -5*t + 23 - 68 = 0. Is (4/3)/1 - 10797/t a composite number?
False
Suppose 3*z = -29 + 11. Let j(b) = 49*b**2 + 19*b + 7. Is j(z) a composite number?
False
Let o = 7400 + -205. Is o composite?
True
Let f = 17 - 6. Let m = f + -6. Suppose -2*g + 288 = -m*p, 4*g - 632 + 74 = p. Is g composite?
False
Let m = -162 - -25865. Is m composite?
False
Suppose n - 1177 = -2*j, -4*n = -j - 3*j - 4768. Is n a prime number?
True
Let a be -8*1*-1*22. Let q = 307 - a. Is q composite?
False
Let k = 377 - 913. Let r = 1687 + k. Is r prime?
True
Suppose -5*i = -4*m + m + 40, -3*m + 2*i = -34. Suppose 13*y - m*y = 2073. Is y prime?
True
Suppose -13*z + 2 = -12*z, 0 = 5*x - 2*z - 123811. Is x prime?
True
Suppose 6320 = 2*j - 5582. Is j a composite number?
True
Let b = -85 + 61. Is (-1622)/(-4) - b/16 a prime number?
False
Suppose 5*f = 12*f - 65009. Is f prime?
False
Let r be (11/(44/(-296)))/((-2)/61). Let t = r - -510. Is t a composite number?
False
Let c(j) = j + 16. Let m be c(-10). Let q = m - 3. Suppose 5*x - g - 3175 = 2*g, 0 = 4*x + q*g - 2540. Is x prime?
False
Suppose 26*o + 14587 = 27*o. Is o a prime number?
False
Let b(m) = 40*m**3 - 4*m**2 + 6*m - 1. Suppose 57 = -3*j + 66. Is b(j) a prime number?
True
Suppose 0 = -372*i + 370*i - 28. Suppose -4*y = -z + 19, 0 = 3*z + y + 4*y + 28. Is (-3)/(-6)*z*i a composite number?
False
Let r = 36 + -40. Is (-3474)/(-3) + (0 + 4)/r composite?
True
Let h(i) = -i**2 + 4*i + 7. Let m be h(5). Let x(l) = -l - 9*l**2 + 163*l**m + 50*l**2 + 2. Is x(1) prime?
False
Let r(c) = -c**3 - 2*c**2 + 3*c + 2. Let t be r(-3). Suppose -q - 4*y - 1901 = -t*q, 0 = -5*q - 4*y + 9433. Is q composite?
False
Suppose j = 5*n - 18, -4*j = n + 3*n - 24. Suppose f - o = 9, -24 + n = 5*o. Suppose -25 = f*k - 75. Is k prime?
False
Let z = 11 + -9. Let i(f) = 0*f**z + 24 + 6*f**2 - 15 - 8*f. Is i(8) a prime number?
False
Let k(u) = u**3 - 3*u**2 - 3*u - 2. Let g be 10/3 + (-4)/(-6). Let m be k(g). Is ((-393)/(-9))/(m/6) composite?
False
Suppose -5*l - 4 - 21 = 0, -l = -3*k + 14. Suppose k*n = n + 6. Suppose -n*j = 15, 5*j - 155 = 4*s - 1408. Is s a prime number?
True
Let x(f) = 98*f**2 - 8*f + 68. Is x(13) prime?
False
Let x = 91402 - 47903. Is x a composite number?
False
Suppose 29 = 5*h + 74. Let a = 25 + h. Suppose y - 65 = -a. Is y composite?
True
Let k(o) be the third derivative of -o**5/60 - o**4/12 + 143*o**3/6 - 7*o**2. Is k(0) prime?
False
Let j = -57 - -57. Suppose 0 = -3*d - j*d + 1419. Is d a prime number?
False
Let d = -12 - -16. Suppose -d*c - 68 = -480. Is c a prime number?
True
Let s be (-2)/10 + 14808/15. Suppose 5*q = -172 + s. Is q a composite number?
False
Let l(j) = j**3 + 3*j**2 + 2*j + 2. Let t(u) = 4*u - 4. Let o be t(-6). Let s = o + 31. Is l(s) prime?
False
Let n(d) = -210*d + 12 - 203*d + 14. Is n(-4) a prime number?
False
Let f(p) = -2*p**2 + p**3 + 11*p + p**2 - 2*p**3 + 13 + 10*p. Is f(-10) a composite number?
True
Suppose -5*q = -14626 - 53929. Is q a prime number?
True
Is (15683/(-2))/(3/(-6)) a prime number?
True
Suppose -585 = -2*y - 195. Let u = y - -536. Is u a composite number?
True
Suppose 0 = 5*u + 5*f - 9*f - 42045, -3*u = 4*f - 25259. Is u a prime number?
False
Let z = 8773 - 5873. Suppose 5*j = -5*m + z, -2*m = 3*m + 15. Is j prime?
False
Let z be (-126)/(-27)*6/7. Suppose 0 = -z*n + 3*i - i + 13388, 0 = -4*i + 16. Is n a prime number?
False
Let m(n) = -8*n**2 + 20 + 14*n**2 + 6*n**2 + 9*n. Is m(-9) prime?
True
Suppose -15*y - 4*y = 2128. Is (-1944)/(-14) + (-16)/y composite?
False
Suppose -2*n + 4 + 8 = 0. Let h = 1409 - 1406. Is 890*h/n - -4 prime?
True
Suppose 5*t - 9 = 1. Suppose -5*y = -3*b - 48, -4*b + 2*b = t*y - 16. Is y/((-18)/(-172)) + 3 a prime number?
True
Suppose -u + 25 = 2*q, 0 = -4*q - 2*u + 4*u + 70. Suppose 8*g - 3*g = q. Suppose -2*h = g*i - 237, -5 - 5 = -2*i. Is h prime?
False
Let y = 858 - -85. Is y prime?
False
Suppose 7*j - 4414 = -2*f + 11*j, -5*f = -5*j - 11025. Is f a prime number?
True
Let h be (-2)/(-16) - (-29253)/24. Suppose -2*y = -5*b - 629, -4*y - 4*b + b + h = 0. Is y composite?
False
Suppose 4*h + 3*t - 47845 = 0, 5*h + 33*t - 28*t - 59810 = 0. Is h composite?
False
Suppose -2*d = -6*d + 17580. Suppose 0 = -7*b - 8*b + d. Is b prime?
True
Suppose 41*v - 25*v - 160112 = 0. Is v composite?
False
Let v(b) = b**3 - b**2 - 4*b - 1. Let j be v(3). Suppose 0 = -j*k - 5, -228 - 273 = -2*z - 5*k. Is z a prime number?
False
Suppose -5*w + 30580 = 5*g, 4*g - 3*w = -w + 24446. Is g a composite number?
False
Let k = 1359 - 640. Is k a prime number?
True
Let v(n) = 2628*n**2 - 10*n - 3. Is v(-2) a composite number?
False
Let v(t) = 6*t**2 - 8*t - 41. Suppose 86 = 5*y + l, y + 3*l + 2 = 8. Is v(y) a prime number?
True
Let v(b) = b**2 + 3*b + 5. Let y be v(-2). Suppose l + 416 = y*l. Is ((-61)/(-4))/(4/l) a composite number?
True
Let i(d) = 3*d**3 + 7*d - 2*d - 4*d + 1 - 3*d**2. Let o be (-1)/((-3)/(-15)*10/(-8)). Is i(o) a composite number?
False
Suppose -4*i = -0*i - 16. Suppose 0 = 2*w - 0*w - i. Suppose -4*o + f + 1216 = -3*f, 5*f + 599 = w*o. Is o a composite number?
False
Let l be (-314)/10 + 8/20. Let f = l + 34. Suppose -3*p - h + 113 = -129, f*h - 173 = -2*p. Is p a prime number?
True
Suppose 0 = 3*l - 786. Is l a composite number?
True
Let p be (10/(-3))/(1/(-6)). Let t be 2/(-8) + 117/36. Suppose -t*a - 5*w + 80 = 0, -3*w + 0*w + p = a. Is a a prime number?
False
Is ((-2061690)/(-55))/6 + 12/(-22) a composite number?
False
Let w(g) = -g**3 + 6*g**2 + 5*g - 10. Let j be w(6). Suppose j = 5*t - 0, -5*t = -3*u - 821. Let y = 490 + u. Is y a composite number?
False
Let s(m) = 4*m**2 - 2*m - 10. Let c be s(-14). Let t = -1854 + 1285. Let a = c + t. Is a composite?
False
Let j(m) = 2141*m + 43. Is j(12) a composite number?
True
Suppose 4*w + 124 = -3*a - 70, -2*w = 4. Let t = 65 - a. Is t a prime number?
True
Suppose 0 = -24*a + 164127 + 113385. Is a prime?
False
Suppose 4*p = -2*a + 362, -a + 361 = 4*p - 0*p. Let o = p + 6. Let x = -37 + o. Is x a composite number?
False
Suppose 16*q - 12*q - 77187 = h, q = 3*h + 19294. Is q composite?
True
Let x(j) = 3*j**2 - 8*j + 14. Let k be x(4). Is (2051/(-3))/((-10)/k) a prime number?
False
Suppose 3*w = i + 4*i - 4048, -w + 3235 = 4*i. Is i prime?
True
Suppose v = 4*s - 3*v - 1760, 0 = -5*s - 3*v + 2208. Let q = s + -218. Is q prime?
True
Let f(h) = h - 8. Let w be f(12). Is 1*1580/(8 - w) a composite number?
True
Suppose -13*g + 5225 + 1977 = 0. Let k = g - -135. Is k composite?
True
Let w(u) = 15*u - 10. Suppose n - 16 = -3*n. Let s be w(n). Is (3 + -1 - -1) + s a composite number?
False
Suppose 4*w + 6 = 2*p, -5*w - 9 = -4*p + p. Suppose -j - 775 = -p*g, 4*g - 65 = -2*j + 975. Is g a prime number?
False
Let a(t) = -t**3 - 3*t**2 - 3*t - 3. Let y be a(-2). Let m be (7 + -5)/(y/(-2)). Suppose 8*i - 564 = m*i. Is i a prime number?
False
Suppose 0 = -4*f - 4*d + 2948, 7*f - 3645 = 2*f + 3*d. Suppose -4*a + f = -0*a. Suppose -6*m + 4023 + a = 0. Is m a composite number?
False
Is ((-8474)/10 - (0 - 2))*-5 composite?
True
Is 28/224 + (-3)/((-48)/86990) composite?
False
Let j be 3 + -2 - (-2463 - (-10)/2). Is j/4*4 + 0 prime?
True
Let h = 36799 - 12108. Is h a prime number?
True
Let o(y) = 3*y**3 + y**2 + 6*y + 8. Let n(h) = 5*h - h**2 + 5 + 2 + 3*h**3 + 2*h**2. Let x(g) = 7*n(g) - 6*o(g). Is x(4) a composite number?
True
Let r = 2 + 2. Suppose 3*q + 5*d + 32 = 0, r*d + 83 = -5*q + 8. Let h = q - -125. Is h a composite number?
True
Is (-2)/16 - (-606347)/152 a composite number?
False
Let j(k) = -677*k**3 - 2*k**2 + 9*k + 4. Let p(c) = 339*c**3 + c**2 - 4*c - 2. Let f(s) = -6*j(s) - 13*p(s). Let o be f(2). Is 6/10 - o/15 composite?
True
Let x(q) = -2*q**3 - 9*q**2 - 19*q - 6. Let s(y) = 5*y + 4*y - 23 + 26 + y**3 + 4*y**2. Let t(f) = -13*s(f) - 6*x(f). Is t(-2) composite?
False
Let c(h) = -h**2 - 8*h + 7. Let v b